{"id":21,"date":"2018-12-11T06:34:42","date_gmt":"2018-12-11T06:34:42","guid":{"rendered":"http:\/\/democontent.codex-themes.com\/sites\/logistic-transport\/?page_id=21"},"modified":"2023-11-25T01:37:57","modified_gmt":"2023-11-25T01:37:57","slug":"track","status":"publish","type":"page","link":"https:\/\/roncallibusinessgroup.com\/?page_id=21","title":{"rendered":"MAROC &#8211; POINTS FORTS"},"content":{"rendered":"<div class=\"wpb-content-wrapper\"><p>[vc_row full_width=&#8221;stretch_row&#8221; css=&#8221;.vc_custom_1700853442424{margin-bottom: 0px !important;padding-top: 100px !important;background-image: url(https:\/\/roncallibusinessgroup.com\/wp-content\/uploads\/2023\/11\/Artboard-1.png?id=2156) !important;background-position: center !important;background-repeat: no-repeat !important;background-size: cover !important;}&#8221;][vc_column][vc_column_text css_animation=&#8221;flipInX&#8221;]<\/p>\n<div class=\"title-h4\" style=\"text-align: center;\"><span style=\"color: #ffffff;\">Maroc: Terre d&#8217;Excellence et d&#8217;Innovation<br \/>\n<\/span><\/div>\n<p>[\/vc_column_text][vc_column_text css_animation=&#8221;flipInX&#8221;]<\/p>\n<div class=\"title-h1\" style=\"text-align: center;\"><span style=\"color: #ffffff;\">MAROC &#8211; POINTS FORTS<br \/>\n<\/span><\/div>\n<p>[\/vc_column_text][vc_row_inner css=&#8221;.vc_custom_1544950487487{margin-top: 80px !important;}&#8221;][vc_column_inner width=&#8221;1\/4&#8243;]<div class=\"gem-icon-with-text gem-icon-with-text-icon-size-small\" ><div style=\"margin-bottom:0px;margin-top:0px; \" class=\"gem-icon-with-text-icon\"><div class=\"gem-icon gem-icon-pack-material gem-icon-size-small  gem-icon-shape-circle\"  style=\"border-color: #dd1b3c;opacity: 1;\"><div class=\"gem-icon-inner\" style=\"background-color: #dd1b3c;\"><span class=\"gem-icon-half-1\" style=\"color: #ffffff;\"><span class=\"back-angle\">&#xf362;<\/span><\/span><span class=\"gem-icon-half-2\" style=\"color: #ffffff;\"><span class=\"back-angle\">&#xf362;<\/span><\/span><\/div><\/div><\/div><div class=\"gem-icon-with-text-content\" ><div class=\"gem-icon-with-text-text\"><\/div><\/div><div class=\"clearboth\"><\/div><\/div>[vc_column_text css_animation=&#8221;slideInLeft&#8221; css=&#8221;.vc_custom_1700853976834{margin-top: 25px !important;margin-bottom: 25px !important;}&#8221;]<\/p>\n<div class=\"title-h5 title-h2\"><span style=\"color: #ffffff;\">Proximit\u00e9 g\u00e9ographique avec l&#8217;Europe<br \/>\n<\/span><\/div>\n<p>[\/vc_column_text][\/vc_column_inner][vc_column_inner width=&#8221;1\/4&#8243; offset=&#8221;vc_col-sm-offset-6&#8243;]<div class=\"gem-icon-with-text gem-icon-with-text-icon-size-small gem-icon-with-text-float-right\" ><div style=\"margin-bottom:0px;margin-top:0px; \" class=\"gem-icon-with-text-icon\"><div class=\"gem-icon gem-icon-pack-fontawesome gem-icon-size-small  gem-icon-shape-circle\"  style=\"border-color: #dd1b3c;opacity: 1;\"><div class=\"gem-icon-inner\" style=\"background-color: #dd1b3c;\"><span class=\"gem-icon-half-1\" style=\"color: #ffffff;\"><span class=\"back-angle\">&#xf0b2;<\/span><\/span><span class=\"gem-icon-half-2\" style=\"color: #ffffff;\"><span class=\"back-angle\">&#xf0b2;<\/span><\/span><\/div><\/div><\/div><div class=\"gem-icon-with-text-content\" ><div class=\"gem-icon-with-text-text\"><\/div><\/div><div class=\"clearboth\"><\/div><\/div>[vc_column_text css_animation=&#8221;slideInRight&#8221; css=&#8221;.vc_custom_1700854417980{margin-top: 25px !important;margin-bottom: 25px !important;}&#8221;]<\/p>\n<div class=\"title-h5 title-h2\" style=\"text-align: right;\"><span style=\"color: #ffffff;\">Culture ouverte et tol\u00e9rante<br \/>\n<\/span><\/div>\n<p>[\/vc_column_text][\/vc_column_inner][\/vc_row_inner][vc_row_inner css=&#8221;.vc_custom_1544950516850{margin-top: 80px !important;margin-bottom: 100px !important;}&#8221;][vc_column_inner width=&#8221;1\/4&#8243;]<div class=\"gem-icon-with-text gem-icon-with-text-icon-size-small\" ><div style=\"margin-bottom:0px;margin-top:0px; \" class=\"gem-icon-with-text-icon\"><div class=\"gem-icon gem-icon-pack-fontawesome gem-icon-size-small  gem-icon-shape-circle\"  style=\"border-color: #dd1b3c;opacity: 1;\"><div class=\"gem-icon-inner\" style=\"background-color: #dd1b3c;\"><span class=\"gem-icon-half-1\" style=\"color: #ffffff;\"><span class=\"back-angle\">&#xf24e;<\/span><\/span><span class=\"gem-icon-half-2\" style=\"color: #ffffff;\"><span class=\"back-angle\">&#xf24e;<\/span><\/span><\/div><\/div><\/div><div class=\"gem-icon-with-text-content\" ><div class=\"gem-icon-with-text-text\"><\/div><\/div><div class=\"clearboth\"><\/div><\/div>[vc_column_text css_animation=&#8221;slideInLeft&#8221; css=&#8221;.vc_custom_1700854087077{margin-top: 25px !important;margin-bottom: 25px !important;}&#8221;]<\/p>\n<div class=\"title-h5 title-h2\"><span style=\"color: #ffffff;\">Stabilit\u00e9 politique<br \/>\n<\/span><\/div>\n<p>[\/vc_column_text][\/vc_column_inner][vc_column_inner width=&#8221;1\/4&#8243; offset=&#8221;vc_col-sm-offset-6&#8243;]<div class=\"gem-icon-with-text gem-icon-with-text-icon-size-small gem-icon-with-text-float-right\" ><div style=\"margin-bottom:0px;margin-top:0px; \" class=\"gem-icon-with-text-icon\"><div class=\"gem-icon gem-icon-pack-material gem-icon-size-small  gem-icon-shape-circle\"  style=\"border-color: #dd1b3c;opacity: 1;\"><div class=\"gem-icon-inner\" style=\"background-color: #dd1b3c;\"><span class=\"gem-icon-half-1\" style=\"color: #ffffff;\"><span class=\"back-angle\">&#xf1f9;<\/span><\/span><span class=\"gem-icon-half-2\" style=\"color: #ffffff;\"><span class=\"back-angle\">&#xf1f9;<\/span><\/span><\/div><\/div><\/div><div class=\"gem-icon-with-text-content\" ><div class=\"gem-icon-with-text-text\"><\/div><\/div><div class=\"clearboth\"><\/div><\/div>[vc_column_text css_animation=&#8221;slideInRight&#8221; css=&#8221;.vc_custom_1700854666148{margin-top: 25px !important;margin-bottom: 25px !important;}&#8221;]<\/p>\n<div class=\"title-h5 title-h2\" style=\"text-align: right;\"><span style=\"color: #ffffff;\">Un d\u00e9veloppement \u00e9conomique croissant<\/span><\/div>\n<p>[\/vc_column_text][\/vc_column_inner][\/vc_row_inner][vc_row_inner css=&#8221;.vc_custom_1544950516850{margin-top: 80px !important;margin-bottom: 100px !important;}&#8221;][vc_column_inner width=&#8221;1\/4&#8243;]<div class=\"gem-icon-with-text gem-icon-with-text-icon-size-small\" ><div style=\"margin-bottom:0px;margin-top:0px; \" class=\"gem-icon-with-text-icon\"><div class=\"gem-icon gem-icon-pack-fontawesome gem-icon-size-small  gem-icon-shape-circle\"  style=\"border-color: #dd1b3c;opacity: 1;\"><div class=\"gem-icon-inner\" style=\"background-color: #dd1b3c;\"><span class=\"gem-icon-half-1\" style=\"color: #ffffff;\"><span class=\"back-angle\">&#xf0c1;<\/span><\/span><span class=\"gem-icon-half-2\" style=\"color: #ffffff;\"><span class=\"back-angle\">&#xf0c1;<\/span><\/span><\/div><\/div><\/div><div class=\"gem-icon-with-text-content\" ><div class=\"gem-icon-with-text-text\"><\/div><\/div><div class=\"clearboth\"><\/div><\/div>[vc_column_text css_animation=&#8221;slideInLeft&#8221; css=&#8221;.vc_custom_1700854229177{margin-top: 25px !important;margin-bottom: 25px !important;}&#8221;]<\/p>\n<div class=\"title-h5 title-h2\">\n<p><span style=\"color: #ffffff;\">Contexte d\u00e9mocratique et apais\u00e9<\/span><\/p>\n<p>&nbsp;<\/p>\n<\/div>\n<p>[\/vc_column_text][\/vc_column_inner][vc_column_inner width=&#8221;1\/4&#8243; offset=&#8221;vc_col-sm-offset-6&#8243;]<div class=\"gem-icon-with-text gem-icon-with-text-icon-size-small gem-icon-with-text-float-right\" ><div style=\"margin-bottom:0px;margin-top:0px; \" class=\"gem-icon-with-text-icon\"><div class=\"gem-icon gem-icon-pack-material gem-icon-size-small  gem-icon-shape-circle\"  style=\"border-color: #dd1b3c;opacity: 1;\"><div class=\"gem-icon-inner\" style=\"background-color: #dd1b3c;\"><span class=\"gem-icon-half-1\" style=\"color: #ffffff;\"><span class=\"back-angle\">&#xf113;<\/span><\/span><span class=\"gem-icon-half-2\" style=\"color: #ffffff;\"><span class=\"back-angle\">&#xf113;<\/span><\/span><\/div><\/div><\/div><div class=\"gem-icon-with-text-content\" ><div class=\"gem-icon-with-text-text\"><\/div><\/div><div class=\"clearboth\"><\/div><\/div>[vc_column_text css_animation=&#8221;slideInRight&#8221; css=&#8221;.vc_custom_1700854650214{margin-top: 25px !important;margin-bottom: 25px !important;}&#8221;]<\/p>\n<div class=\"title-h5 title-h2\" style=\"text-align: right;\"><span style=\"color: #ffffff;\">Une main d&#8217;\u0153uvre qualifi\u00e9e \u00e0 des co\u00fbts comp\u00e9titifs<br \/>\n<\/span><\/div>\n<p>[\/vc_column_text][\/vc_column_inner][\/vc_row_inner][\/vc_column][\/vc_row][vc_row full_width=&#8221;stretch_row_content&#8221; equal_height=&#8221;yes&#8221; css=&#8221;.vc_custom_1544951087534{margin-bottom: 0px !important;}&#8221;][vc_column width=&#8221;1\/2&#8243; disable_custom_paddings_tablet=&#8221;true&#8221; disable_custom_paddings_mobile=&#8221;true&#8221; css=&#8221;.vc_custom_1553327661082{padding-right: 100px !important;padding-bottom: 20px !important;padding-left: 100px !important;background-color: #dd1b3c !important;}&#8221;]<div class=\"clearboth\"><\/div><style>#thegem-divider-69d8c79d8669c {margin-top: 50px !important;}<\/style><div id=\"thegem-divider-69d8c79d8669c\" class=\"gem-divider  divider-hidden\" style=\"\" ><\/div>[vc_column_text css=&#8221;.vc_custom_1700876206364{padding-top: 20px !important;}&#8221;]<\/p>\n<div class=\"title-h2\" style=\"text-align: center;\"><span style=\"color: #ffffff;\"><br \/>\nOBTENIR UN DEVIS<\/span><\/div>\n<p>[\/vc_column_text]<div class=\"clearboth\"><\/div><style>#thegem-divider-69d8c79d866bd {margin-top: 70px !important;}<\/style><div id=\"thegem-divider-69d8c79d866bd\" class=\"gem-divider  \" style=\"\" ><\/div>\n<div class=\"wpcf7 no-js\" id=\"wpcf7-f1859-o1\" lang=\"en-US\" dir=\"ltr\" data-wpcf7-id=\"1859\">\n<div class=\"screen-reader-response\"><p role=\"status\" aria-live=\"polite\" aria-atomic=\"true\"><\/p> <ul><\/ul><\/div>\n<form action=\"\/index.php?rest_route=%2Fwp%2Fv2%2Fpages%2F21#wpcf7-f1859-o1\" method=\"post\" class=\"wpcf7-form init gem-contact-form-white\" aria-label=\"Contact form\" novalidate=\"novalidate\" data-status=\"init\">\n<fieldset class=\"hidden-fields-container\"><input type=\"hidden\" name=\"_wpcf7\" value=\"1859\" \/><input type=\"hidden\" name=\"_wpcf7_version\" value=\"6.1.5\" \/><input type=\"hidden\" name=\"_wpcf7_locale\" value=\"en_US\" \/><input type=\"hidden\" name=\"_wpcf7_unit_tag\" value=\"wpcf7-f1859-o1\" \/><input type=\"hidden\" name=\"_wpcf7_container_post\" value=\"0\" \/><input type=\"hidden\" name=\"_wpcf7_posted_data_hash\" value=\"\" \/>\n<\/fieldset>\n<div class=\"row\">\n<p class=\"col-md-6\"><span class=\"wpcf7-form-control-wrap\" data-name=\"yourName\"><input size=\"40\" maxlength=\"400\" class=\"wpcf7-form-control wpcf7-text wpcf7-validates-as-required\" aria-required=\"true\" aria-invalid=\"false\" placeholder=\"Votre Nom*\" value=\"\" type=\"text\" name=\"yourName\" \/><\/span><\/p>\n<p class=\"col-md-6\"><span class=\"wpcf7-form-control-wrap\" data-name=\"youremail\"><input size=\"40\" maxlength=\"400\" class=\"wpcf7-form-control wpcf7-email wpcf7-text wpcf7-validates-as-email\" aria-invalid=\"false\" placeholder=\"Votre Email\" value=\"\" type=\"email\" name=\"youremail\" \/><\/span> <\/p>\n<p class=\"col-md-12\"><span class=\"wpcf7-form-control-wrap\" data-name=\"tel-76\"><input size=\"40\" maxlength=\"400\" class=\"wpcf7-form-control wpcf7-tel wpcf7-text wpcf7-validates-as-tel\" aria-invalid=\"false\" value=\"Votre Num\u00e9ro de t\u00e9l\u00e9phone\" type=\"tel\" name=\"tel-76\" \/><\/span><\/p>\n<div  class=\"col-md-12\"><span class=\"wpcf7-form-control-wrap\" data-name=\"Messege\"><textarea cols=\"40\" rows=\"4\" maxlength=\"2000\" class=\"wpcf7-form-control wpcf7-textarea wpcf7-validates-as-required\" aria-required=\"true\" aria-invalid=\"false\" placeholder=\"Votre Message*\" name=\"Messege\"><\/textarea><\/span><\/div>\n<div class=\"col-md-12\"><style type=\"text\/css\">.thegem-button-69d8c79d875e35099 .gem-button svg {fill: #ffffff;}.thegem-button-69d8c79d875e35099 .gem-button:hover svg {fill: #2d2940;}<\/style><div class=\"gem-button-container gem-button-position-center thegem-button-69d8c79d875e35099\"  ><input class=\"gem-button gem-button-size-medium gem-button-style-flat gem-button-text-weight-normal wpcf7-form-control wpcf7-submit has-spinner gem-button-wpcf-custom\" data-ll-effect=\"drop-right-without-wrap\" style=\"border-radius: 3px;background-color: #2d2940;color: #ffffff;\" onmouseleave=\"this.style.backgroundColor='#2d2940';this.style.color='#ffffff';\" onmouseenter=\"this.style.backgroundColor='#ffffff';this.style.color='#2d2940';\" id=\"\" tabindex=\"\" type=\"submit\" value=\"ENVOYER\" \/><\/div> <\/div>\n<\/div><div class=\"wpcf7-response-output\" aria-hidden=\"true\"><\/div>\n<\/form>\n<\/div>\n<div class=\"clearboth\"><\/div><style>#thegem-divider-69d8c79d87d7c {margin-top: 60px !important;}<\/style><div id=\"thegem-divider-69d8c79d87d7c\" class=\"gem-divider  divider-hidden\" style=\"\" ><\/div>[\/vc_column][vc_column width=&#8221;1\/2&#8243; css=&#8221;.vc_custom_1700876274707{background-image: url(https:\/\/roncallibusinessgroup.com\/wp-content\/uploads\/2023\/11\/plans-construction-casque-jaune-outils-dessin-bluep-scaled.jpg?id=1951) !important;background-position: center !important;background-repeat: no-repeat !important;background-size: cover !important;}&#8221; offset=&#8221;vc_hidden-xs&#8221;][\/vc_column][\/vc_row]<\/p>\n<\/div>","protected":false},"excerpt":{"rendered":"<p>[vc_row full_width=&#8221;stretch_row&#8221; css=&#8221;.vc_custom_1700853442424{margin-bottom: 0px !important;padding-top: 100px !important;background-image: url(https:\/\/roncallibusinessgroup.com\/wp-content\/uploads\/2023\/11\/Artboard-1.png?id=2156) !important;background-position: center !important;background-repeat:&#8230;<\/p>\n","protected":false},"author":1,"featured_media":0,"parent":0,"menu_order":0,"comment_status":"closed","ping_status":"closed","template":"","meta":{"footnotes":""},"class_list":["post-21","page","type-page","status-publish"],"_links":{"self":[{"href":"https:\/\/roncallibusinessgroup.com\/index.php?rest_route=\/wp\/v2\/pages\/21","targetHints":{"allow":["GET"]}}],"collection":[{"href":"https:\/\/roncallibusinessgroup.com\/index.php?rest_route=\/wp\/v2\/pages"}],"about":[{"href":"https:\/\/roncallibusinessgroup.com\/index.php?rest_route=\/wp\/v2\/types\/page"}],"author":[{"embeddable":true,"href":"https:\/\/roncallibusinessgroup.com\/index.php?rest_route=\/wp\/v2\/users\/1"}],"replies":[{"embeddable":true,"href":"https:\/\/roncallibusinessgroup.com\/index.php?rest_route=%2Fwp%2Fv2%2Fcomments&post=21"}],"version-history":[{"count":9,"href":"https:\/\/roncallibusinessgroup.com\/index.php?rest_route=\/wp\/v2\/pages\/21\/revisions"}],"predecessor-version":[{"id":2176,"href":"https:\/\/roncallibusinessgroup.com\/index.php?rest_route=\/wp\/v2\/pages\/21\/revisions\/2176"}],"wp:attachment":[{"href":"https:\/\/roncallibusinessgroup.com\/index.php?rest_route=%2Fwp%2Fv2%2Fmedia&parent=21"}],"curies":[{"name":"wp","href":"https:\/\/api.w.org\/{rel}","templated":true}]}}